mmon factor of h and 1875?
15
Let h = -858 + 1276. Suppose 4*u + 619 = 3*b - 0*u, h = 2*b - 4*u. Let n = b + -131. Calculate the highest common factor of 14 and n.
14
Let f be 8 - 3/3 - -97. What is the highest common divisor of f and 8?
8
Let k(r) = -6*r**3 + 9*r**2 + 9*r + 12. Let l be k(-3). Calculate the greatest common divisor of 741 and l.
57
Let l be 4 + -1 - (-4 + 1). Let m(z) = -z. Let f be m(l). Let g be 3/f - 33/(-6). What is the highest common factor of 40 and g?
5
Let v(i) = -5 + 4*i + 34*i + 4*i**2 - 16 - 6*i**2. Let r be v(15). What is the highest common divisor of 11 and r?
11
Let l be 16/(-6)*99/44. Let i = 27 + l. What is the highest common factor of 3 and i?
3
Let y = -471 + 691. Let a = y - 101. Let g = 2732 + -2715. What is the greatest common divisor of a and g?
17
Let h = -868 - -892. What is the highest common factor of h and 18?
6
Let b be (20/10)/((-4)/(-78)). Suppose 2*v + 2*c - b = -3*c, 0 = -c - 3. Calculate the greatest common factor of 9 and v.
9
Suppose -3*w + w - 2 = 2*l, 0 = 2*l - 3*w - 8. Suppose -v = l - 27. What is the greatest common divisor of 104 and v?
26
Let f(j) = -2*j**3 + j**2 - 4*j + 4. Let u be f(0). What is the highest common divisor of u and 356?
4
Let b be (-39)/3 - (38 + -86). Calculate the greatest common divisor of 175 and b.
35
Let c = 405 + -361. Calculate the highest common factor of c and 66.
22
Suppose -5*x = -53 - 107. Suppose 3*d + d = x. What is the highest common factor of 32 and d?
8
Suppose -236 + 11 = -9*j. Calculate the greatest common divisor of j and 1175.
25
Let c be (0 + -1)*4*(-135)/54. What is the highest common factor of 80 and c?
10
Suppose 0*q - 4*o + 134 = -3*q, 0 = -3*q - 5*o - 143. Let a = q + 130. What is the highest common divisor of 24 and a?
12
Suppose 4*u = y - 25, 5*u + 122 - 40 = 3*y. Let b(n) = -9*n**2 + 158*n + 8. Let q be b(16). Calculate the highest common divisor of q and y.
29
Suppose -2*n + 26 + 151 = t, -5*t = -4*n + 361. Suppose -3*x = 2*a + x - 52, n = 4*a + 3*x. Let y = -239 - -339. What is the highest common divisor of y and a?
20
Let l(c) be the third derivative of c**6/120 - c**5/10 - c**4/6 + 7*c**3/6 + 10*c**2. Let k be l(7). What is the greatest common divisor of 252 and k?
28
Let v = 424 - 256. Let y be v/35*140/6. Calculate the highest common factor of 14 and y.
14
Suppose 3*u + 3*l - 27 = 0, -u + 0 = -3*l - 1. Let r = 21 + -20. Let q be ((4 - 5) + 8)/r. Calculate the highest common factor of u and q.
7
Suppose 232*n - 233*n - 121 = 0. Let o = n - -141. What is the greatest common factor of 180 and o?
20
Let h = -7 + 24. Calculate the greatest common factor of h and 85.
17
Suppose -q - 3*d + 39 = 4, 115 = 5*q + 3*d. Calculate the highest common factor of 380 and q.
20
Suppose 117*x - 43554 = 75*x. Calculate the highest common factor of x and 61.
61
Suppose -4*g - 15 = 5*j + 8, 4*j + 6 = 3*g. Let c be (j/((-3)/2))/((-4)/(-26)). Calculate the greatest common factor of 52 and c.
13
Let q = 58 - 68. Let s be (3 - (-437)/5) + 4/q. Calculate the highest common factor of s and 45.
45
Let h = 19 - 27. Let b = h - -14. What is the greatest common factor of b and 30?
6
Suppose 0 = -4*u + 2*s + 122, -u - s = 2*s - 27. What is the highest common divisor of 15 and u?
15
Suppose 2*x = 4*l, 19*x = -5*l + 21*x + 1. Calculate the highest common divisor of 53 and l.
1
Let q be 176/5 + 11/275*20. Let x = -4 + 5. Suppose -f = -3 - x. What is the highest common factor of f and q?
4
Let n be ((-16)/6)/(198/(-139293)). Calculate the greatest common factor of 7 and n.
7
Let r be 6/(-8)*(-43 - 1). Suppose 33 = 3*l + 5*v, 0*l + 3*v = -l + 11. Calculate the highest common divisor of l and r.
11
Suppose h + r = 26, 0 = 4*h + 5*r - 100. Suppose h = 8*d - 50. Let w = -7 + d. What is the highest common factor of w and 9?
3
Let s = 215 + -88. Suppose s = c + 17. Suppose 5*z + 80 = 5*m, -5*m + z + c = 2*z. What is the highest common divisor of m and 42?
21
Suppose 0 = -11*n + 12*n - 30. Calculate the greatest common factor of 60 and n.
30
Suppose 5*u - 2*u = 2*p + 24, -32 = -4*u + 2*p. Suppose -u*n - 4 = -12*n. What is the highest common divisor of n and 13?
1
Let l(b) be the first derivative of -b**3/3 + 7*b**2/2 + 19*b - 21. Let h be l(8). What is the greatest common divisor of 11 and h?
11
Suppose 1 - 2 = -t. Let l(a) = 17*a + 2. Let p be l(t). What is the greatest common divisor of 19 and p?
19
Suppose 3*b + 172900 = 94*b. What is the greatest common factor of 152 and b?
76
Let x(m) = 23*m**2 + 2*m + 2. Let v be x(-2). Let g = v - 82. What is the highest common divisor of 104 and g?
8
Let b = -13 + 22. Let t be (0 - 6/b)*-426. Suppose -5*d = -436 - t. What is the highest common factor of d and 18?
18
Let q(h) = -h**3 + 4*h**2 - 2*h - 1. Let u be q(3). Suppose l = u*l - 6. Suppose -5*i = -l*i + 16. What is the greatest common factor of i and 24?
8
Suppose 0*y = -y + 14. Let q = 41 - -71. Suppose 0 = -19*d + 3*d + q. Calculate the highest common factor of y and d.
7
Suppose -201 - 156 = -21*j. Calculate the greatest common factor of 136 and j.
17
Let l(r) = r**3 + 7*r**2 + 2. Let k be l(-7). Suppose -95*y = 64*y - 7314. Calculate the greatest common factor of y and k.
2
Let j = -157 + 250. Calculate the greatest common divisor of j and 31.
31
Suppose 2*s - 5 = 27. Let y = 20 + -24. Let m be (-60)/(((-3)/y)/(-1)). Calculate the highest common factor of m and s.
16
Suppose 0 = -17*z - 6 + 91. What is the greatest common factor of 155 and z?
5
Let v = -1048 - -1064. Calculate the highest common divisor of 296 and v.
8
Suppose -171*q = -206*q + 15190. Calculate the greatest common divisor of q and 28.
14
Suppose -42*b + 40*b = 0. Suppose 48 = 2*y - c, b*y - 3*y - 3*c = -54. What is the highest common factor of y and 44?
22
Let y(p) = -p + 17. Let x be y(7). Let a(g) = -g**3 - g + 80. Let t be a(0). Calculate the highest common factor of x and t.
10
Suppose 1080 = 6*p + 6*p. What is the highest common factor of 105 and p?
15
Let w be 177/(-118) - 117/(-2). Calculate the greatest common factor of 114 and w.
57
Suppose -5*u = -47 - 63. Let f = u - 7. What is the greatest common factor of 5 and f?
5
Suppose 0 = 5*v - 15, 2*v = 2*z + 7 + 1. Let p be (z + 0)*-13 - 3. Let s = -78 - -118. Calculate the highest common divisor of s and p.
10
Suppose 2*g - 4*y = 182, -y = 2*g - 131 - 71. What is the greatest common factor of 176 and g?
11
Let a be (5/2)/((-9)/(-126)). Let l = a - 17. What is the greatest common divisor of 72 and l?
18
Let y = 48 - -8. Suppose w - 114 = -4*u, 4*w - 36 = u - 2*u. What is the highest common factor of y and u?
28
Suppose -4*f + 5 = -c, f = 3*c - 6 - 12. Suppose 0 = l + c*l - 208. Calculate the highest common factor of l and 26.
26
Let i = 2 + -2. Suppose -2*r + 0 + 6 = i. Suppose 4*m - 4*u = 56, 38 = -2*m + 4*u + 76. Calculate the greatest common divisor of r and m.
3
Let r be 9/(-2)*2/(-3). Suppose 3*j = -r*b + 10 + 20, j - 34 = -3*b. Let x(s) = 3*s. Let v be x(2). What is the highest common factor of v and b?
6
Let i be (-3)/(-15) + (-14)/(-5). Suppose 0*d - 4*d = 2*h - 528, -i*d = -5*h - 396. What is the greatest common factor of 33 and d?
33
Let q = -796 + 811. Suppose 6 = 4*i - 6. Calculate the greatest common factor of i and q.
3
Let c(r) = r**3 - 3*r**2 - 3*r + 58. Let y be c(0). What is the greatest common divisor of y and 145?
29
Let u(l) = -l**3 + 3*l**2 + 17*l - 41. Let z be u(4). Calculate the highest common factor of 9 and z.
1
Let a = -427 + 449. Calculate the highest common factor of 572 and a.
22
Suppose -z + 7 = -2*w, -2*z - 5*w + 35 = -z. Calculate the highest common divisor of z and 33.
3
Suppose u + 6 = 2*b, 0 = 5*b + 6*u - 2*u - 28. Suppose -195 = -b*o + 345. Calculate the greatest common divisor of o and 27.
27
Let r = 434 + -244. Calculate the highest common divisor of r and 30.
10
Let f = -14 + 19. Let i = f - -8. Suppose 2*l + 39 = 5*l. What is the highest common divisor of i and l?
13
Let h be (-76)/(-10) + 6/(-10). Suppose -4 = 5*d - h*d, -2*j - 5*d + 14 = 0. Suppose 37 = j*s + 15. What is the greatest common factor of s and 1?
1
Let t be -24*4/32*-6. Suppose 3*y = 2*y + 5. Suppose 2*r + 2*s = 82, -y*s = 11 - 36. Calculate the greatest common divisor of t and r.
18
Suppose 0*j - 3*j + 25 = -o, 5*j - 25 = 0. Let i(k) = -12*k +